{"id":15,"date":"2024-05-29T12:29:23","date_gmt":"2024-05-29T12:29:23","guid":{"rendered":"https:\/\/dajmiczas.pl\/?page_id=15"},"modified":"2026-05-12T12:03:39","modified_gmt":"2026-05-12T12:03:39","slug":"srodowiskowy-dom-samopomocy","status":"publish","type":"page","link":"https:\/\/dajmiczas.pl\/index.php\/srodowiskowy-dom-samopomocy\/","title":{"rendered":"\u015aDS typu D"},"content":{"rendered":"<p>[et_pb_section fb_built=&#8221;1&#8243; next_background_color=&#8221;#ffffff&#8221; admin_label=&#8221;Header&#8221; _builder_version=&#8221;4.25.0&#8243; _module_preset=&#8221;default&#8221; background_color=&#8221;gcid-primary-color&#8221; use_background_color_gradient=&#8221;on&#8221; background_color_gradient_direction=&#8221;90deg&#8221; background_color_gradient_stops=&#8221;rgba(0,0,0,0) 50%|rgba(139,237,222,0.46) 82%&#8221; background_color_gradient_overlays_image=&#8221;on&#8221; background_color_gradient_start=&#8221;rgba(0,0,0,0)&#8221; background_color_gradient_start_position=&#8221;50%&#8221; background_color_gradient_end=&#8221;#92a5ab&#8221; background_color_gradient_end_position=&#8221;50%&#8221; background_image=&#8221;https:\/\/dajmiczas.pl\/wp-content\/uploads\/2024\/05\/estate-planning-77.png&#8221; background_position=&#8221;top_left&#8221; min_height=&#8221;618.6px&#8221; custom_padding=&#8221;||||false|false&#8221; bottom_divider_style=&#8221;slant&#8221; bottom_divider_height=&#8221;10vw&#8221; locked=&#8221;off&#8221; global_colors_info=&#8221;{%22gcid-primary-color%22:%91%22background_color%22%93}&#8221;][et_pb_row column_structure=&#8221;1_2,1_2&#8243; _builder_version=&#8221;4.16&#8243; _module_preset=&#8221;default&#8221; global_colors_info=&#8221;{}&#8221;][et_pb_column type=&#8221;1_2&#8243; _builder_version=&#8221;4.16&#8243; _module_preset=&#8221;default&#8221; global_colors_info=&#8221;{}&#8221;][\/et_pb_column][et_pb_column type=&#8221;1_2&#8243; _builder_version=&#8221;4.16&#8243; _module_preset=&#8221;default&#8221; global_colors_info=&#8221;{}&#8221;][\/et_pb_column][\/et_pb_row][et_pb_row column_structure=&#8221;1_4,1_4,1_4,1_4&#8243; use_custom_gutter=&#8221;on&#8221; gutter_width=&#8221;1&#8243; _builder_version=&#8221;4.16&#8243; _module_preset=&#8221;default&#8221; custom_margin=&#8221;||||false|false&#8221; locked=&#8221;off&#8221; global_colors_info=&#8221;{}&#8221;][et_pb_column type=&#8221;1_4&#8243; _builder_version=&#8221;4.16&#8243; _module_preset=&#8221;default&#8221; global_colors_info=&#8221;{}&#8221;][et_pb_image src=&#8221;https:\/\/dajmiczas.pl\/wp-content\/uploads\/2024\/05\/269309363_107191891866573_1580322854365768937_n.jpg&#8221; title_text=&#8221;269309363_107191891866573_1580322854365768937_n&#8221; _builder_version=&#8221;4.25.0&#8243; _module_preset=&#8221;default&#8221; z_index=&#8221;179&#8243; custom_margin=&#8221;|-28%|||false|false&#8221; custom_margin_tablet=&#8221;|0%|||false|false&#8221; custom_margin_phone=&#8221;||-50%||false|false&#8221; custom_margin_last_edited=&#8221;on|tablet&#8221; border_radii=&#8221;on|1000px|1000px|1000px|1000px&#8221; global_colors_info=&#8221;{}&#8221;][\/et_pb_image][\/et_pb_column][et_pb_column type=&#8221;1_4&#8243; _builder_version=&#8221;4.16&#8243; _module_preset=&#8221;default&#8221; global_colors_info=&#8221;{}&#8221;][et_pb_image src=&#8221;https:\/\/dajmiczas.pl\/wp-content\/uploads\/2024\/05\/puzzle_913300.png&#8221; title_text=&#8221;puzzle_913300&#8243; _builder_version=&#8221;4.25.0&#8243; _module_preset=&#8221;default&#8221; z_index=&#8221;-149&#8243; custom_margin=&#8221;-6%|-18%||-10%|false|false&#8221; custom_margin_tablet=&#8221;0%|0%||0%|false|false&#8221; custom_margin_phone=&#8221;||-50%||false|false&#8221; custom_margin_last_edited=&#8221;on|tablet&#8221; filter_brightness=&#8221;114%&#8221; filter_invert=&#8221;100%&#8221; filter_opacity=&#8221;56%&#8221; global_colors_info=&#8221;{}&#8221;][\/et_pb_image][\/et_pb_column][et_pb_column type=&#8221;1_4&#8243; _builder_version=&#8221;4.16&#8243; _module_preset=&#8221;default&#8221; global_colors_info=&#8221;{}&#8221;][et_pb_image src=&#8221;https:\/\/dajmiczas.pl\/wp-content\/uploads\/2024\/05\/estate-planning-81.png&#8221; title_text=&#8221;estate-planning-81&#8243; _builder_version=&#8221;4.16&#8243; _module_preset=&#8221;default&#8221; custom_margin=&#8221;-20%|-10%||-18%|false|false&#8221; custom_margin_tablet=&#8221;0%|0%||0%|false|false&#8221; custom_margin_phone=&#8221;||-50%||false|false&#8221; custom_margin_last_edited=&#8221;on|tablet&#8221; global_colors_info=&#8221;{}&#8221;][\/et_pb_image][\/et_pb_column][et_pb_column type=&#8221;1_4&#8243; _builder_version=&#8221;4.16&#8243; _module_preset=&#8221;default&#8221; global_colors_info=&#8221;{}&#8221;][et_pb_image src=&#8221;https:\/\/dajmiczas.pl\/wp-content\/uploads\/2024\/05\/estate-planning-78.png&#8221; title_text=&#8221;estate-planning-78&#8243; _builder_version=&#8221;4.25.0&#8243; _module_preset=&#8221;default&#8221; custom_margin=&#8221;-60%|||-28%|false|false&#8221; custom_margin_tablet=&#8221;0%|||0%|false|false&#8221; custom_margin_phone=&#8221;&#8221; custom_margin_last_edited=&#8221;on|tablet&#8221; border_radii=&#8221;on|1000px|1000px|1000px|1000px&#8221; global_colors_info=&#8221;{}&#8221;][\/et_pb_image][\/et_pb_column][\/et_pb_row][\/et_pb_section][et_pb_section fb_built=&#8221;1&#8243; _builder_version=&#8221;4.25.0&#8243; _module_preset=&#8221;default&#8221; custom_padding=&#8221;0px|||||&#8221; global_colors_info=&#8221;{}&#8221;][et_pb_row _builder_version=&#8221;4.25.0&#8243; _module_preset=&#8221;default&#8221; background_color=&#8221;RGBA(255,255,255,0)&#8221; min_height=&#8221;1770px&#8221; border_color_all=&#8221;#0C71C3&#8243; global_colors_info=&#8221;{}&#8221;][et_pb_column type=&#8221;4_4&#8243; _builder_version=&#8221;4.25.0&#8243; _module_preset=&#8221;default&#8221; global_colors_info=&#8221;{}&#8221;][et_pb_text _builder_version=&#8221;4.25.0&#8243; _module_preset=&#8221;default&#8221; global_colors_info=&#8221;{}&#8221;]<\/p>\n<p>1 grudnia 2021 roku powsta\u0142 <em>\u015arodowiskowy Dom Samopomocy typu D<\/em> przy ul.\u00a0Nowowiejskiego 15 w\u00a0Cz\u0119stochowie, prowadzony przez\u00a0Stowarzyszenie na\u00a0rzecz os\u00f3b niepe\u0142nosprawnych, z\u00a0autyzmem i\u00a0zaburzeniami pokrewnymi <em>Daj mi\u00a0czas.<\/em><\/p>\n<p style=\"text-align: justify;\">Plac\u00f3wka\u00a0 <em>\u015aDS<\/em> dedykowana jest dla 16 os\u00f3b w\u00a0spektrum autyzmu oraz\u00a0z\u00a0niepe\u0142nosprawno\u015bciami sprz\u0119\u017conymi.\u00a0 Dom zak\u0142ada nast\u0119puj\u0105ce cele: stosowanie r\u00f3\u017cnorodnych narz\u0119dzi potrzebnych do\u00a0pracy, mi\u0119dzy innymi komunikacj\u0119 alternatywn\u0105, prowadzenie terapii zaj\u0119ciowej w\u00a0pracowniach (r\u0119kodzie\u0142a, kulinarnej oraz\u00a0administracyjno \u2013 biurowej), kt\u00f3rej\u00a0zadaniem jest podnoszenie kwalifikacji zar\u00f3wno spo\u0142ecznych, jak i\u00a0zawodowych.<\/p>\n<p style=\"text-align: justify;\">W\u00a0plac\u00f3wce odbywaj\u0105 si\u0119 r\u00f3wnie\u017c treningi funkcjonowania w\u00a0codziennym \u017cyciu w\u00a0tym trening dba\u0142o\u015bci o\u00a0wygl\u0105d zewn\u0119trzny, umiej\u0119tno\u015bci praktycznych, gospodarowania w\u0142asnymi \u015brodkami finansowymi, a\u00a0tak\u017ce umiej\u0119tno\u015bci sp\u0119dzania czasu wolnego. Nacisk k\u0142adziony jest r\u00f3wnie\u017c na\u00a0terapi\u0119 ruchow\u0105 oraz\u00a0przestrze\u0144 do\u00a0wycisze\u0144, do\u00a0czego przeznaczony jest specjalny pok\u00f3j, kt\u00f3ry\u00a0gwarantuje spokojny wypoczynek.<\/p>\n<p style=\"text-align: justify;\">Po\u017c\u0105dane efekty oddzia\u0142ywa\u0144 to\u00a0udoskonalenie czynno\u015bci samoobs\u0142ugowych, nabywanie umiej\u0119tno\u015bci radzenia sobie z\u00a0emocjami, aktywne uczestnictwo w\u00a0zaj\u0119ciach, poprawa samooceny uczestnik\u00f3w, wzrost komunikacji obop\u00f3lnej oraz\u00a0umiej\u0119tno\u015bci nawi\u0105zywania kontakt\u00f3w interpersonalnych, a\u00a0tak\u017ce wzrost aktywno\u015bci psychoruchowej.<\/p>\n<p style=\"text-align: justify;\">\n<p style=\"text-align: justify;\"><em><strong>Zadania \u015arodowiskowego Domu Samopomocy typu D s\u0105 finansowane z bud\u017cetu pa\u0144stwa.<\/strong><\/em><\/p>\n<p>&nbsp;<\/p>\n<p>[\/et_pb_text][et_pb_text _builder_version=&#8221;4.25.0&#8243; _module_preset=&#8221;default&#8221; width=&#8221;100%&#8221; min_height=&#8221;385.5px&#8221; custom_margin=&#8221;||||false|false&#8221; box_shadow_style=&#8221;preset2&#8243; global_colors_info=&#8221;{}&#8221;]<\/p>\n<div style=\"width: 1080px;\" class=\"wp-video\"><video class=\"wp-video-shortcode\" id=\"video-15-1\" width=\"1080\" height=\"608\" preload=\"metadata\" controls=\"controls\"><source type=\"video\/mp4\" src=\"https:\/\/dajmiczas.pl\/wp-content\/uploads\/2025\/07\/ZYCIE-PLACOWKI-FILM.mp4?_=1\" \/><a href=\"https:\/\/dajmiczas.pl\/wp-content\/uploads\/2025\/07\/ZYCIE-PLACOWKI-FILM.mp4\">https:\/\/dajmiczas.pl\/wp-content\/uploads\/2025\/07\/ZYCIE-PLACOWKI-FILM.mp4<\/a><\/video><\/div>\n<p>[\/et_pb_text][et_pb_text _builder_version=&#8221;4.25.0&#8243; _module_preset=&#8221;b3e3ff14-5f5c-4608-8ecf-1885ce3da7aa&#8221; header_font=&#8221;DM Serif Display||||||||&#8221; header_text_color=&#8221;#000000&#8243; header_font_size=&#8221;70px&#8221; header_line_height=&#8221;1.1em&#8221; custom_margin=&#8221;||10px||false|false&#8221; header_font_size_tablet=&#8221;40px&#8221; header_font_size_phone=&#8221;24px&#8221; header_font_size_last_edited=&#8221;on|desktop&#8221; global_colors_info=&#8221;{}&#8221;]<\/p>\n<h1 style=\"text-align: center;\"><span style=\"color: #0c71c3;\">Aktualno\u015bci z\u00a0naszego domu<\/span><\/h1>\n<p>[\/et_pb_text][et_pb_divider color=&#8221;#0C71C3&#8243; divider_weight=&#8221;5px&#8221; _builder_version=&#8221;4.25.0&#8243; _module_preset=&#8221;default&#8221; background_color=&#8221;RGBA(255,255,255,0)&#8221; max_width=&#8221;50px&#8221; module_alignment=&#8221;center&#8221; custom_margin=&#8221;||0px||false|false&#8221; global_colors_info=&#8221;{}&#8221;][\/et_pb_divider][et_pb_blog fullwidth=&#8221;off&#8221; include_categories=&#8221;9&#8243; show_author=&#8221;off&#8221; show_date=&#8221;off&#8221; show_categories=&#8221;off&#8221; _builder_version=&#8221;4.25.0&#8243; _module_preset=&#8221;default&#8221; border_radii=&#8221;on|22px|22px|22px|22px&#8221; box_shadow_style=&#8221;preset3&#8243; box_shadow_horizontal=&#8221;3px&#8221; box_shadow_vertical=&#8221;-4px&#8221; box_shadow_blur=&#8221;43px&#8221; global_colors_info=&#8221;{}&#8221;][\/et_pb_blog][et_pb_divider color=&#8221;#000000&#8243; divider_weight=&#8221;5px&#8221; _builder_version=&#8221;4.25.0&#8243; _module_preset=&#8221;default&#8221; max_width=&#8221;50px&#8221; module_alignment=&#8221;center&#8221; custom_margin=&#8221;||0px||false|false&#8221; global_colors_info=&#8221;{}&#8221;][\/et_pb_divider][\/et_pb_column][\/et_pb_row][\/et_pb_section]<\/p>\n","protected":false},"excerpt":{"rendered":"<p>1 grudnia 2021 roku powsta\u0142 \u015arodowiskowy Dom Samopomocy typu D przy ul.\u00a0Nowowiejskiego 15 w\u00a0Cz\u0119stochowie, prowadzony przez\u00a0Stowarzyszenie na\u00a0rzecz os\u00f3b niepe\u0142nosprawnych, z\u00a0autyzmem i\u00a0zaburzeniami pokrewnymi Daj mi\u00a0czas. Plac\u00f3wka\u00a0 \u015aDS dedykowana jest dla 16 os\u00f3b w\u00a0spektrum autyzmu oraz\u00a0z\u00a0niepe\u0142nosprawno\u015bciami sprz\u0119\u017conymi.\u00a0 Dom zak\u0142ada nast\u0119puj\u0105ce cele: stosowanie r\u00f3\u017cnorodnych narz\u0119dzi potrzebnych do\u00a0pracy, mi\u0119dzy innymi komunikacj\u0119 alternatywn\u0105, prowadzenie terapii zaj\u0119ciowej w\u00a0pracowniach (r\u0119kodzie\u0142a, kulinarnej oraz\u00a0administracyjno [&hellip;]<\/p>\n","protected":false},"author":1,"featured_media":0,"parent":0,"menu_order":0,"comment_status":"closed","ping_status":"closed","template":"","meta":{"_et_pb_use_builder":"on","_et_pb_old_content":"<!-- wp:divi\/placeholder \/-->","_et_gb_content_width":"","footnotes":""},"class_list":["post-15","page","type-page","status-publish","hentry"],"_links":{"self":[{"href":"https:\/\/dajmiczas.pl\/index.php\/wp-json\/wp\/v2\/pages\/15","targetHints":{"allow":["GET"]}}],"collection":[{"href":"https:\/\/dajmiczas.pl\/index.php\/wp-json\/wp\/v2\/pages"}],"about":[{"href":"https:\/\/dajmiczas.pl\/index.php\/wp-json\/wp\/v2\/types\/page"}],"author":[{"embeddable":true,"href":"https:\/\/dajmiczas.pl\/index.php\/wp-json\/wp\/v2\/users\/1"}],"replies":[{"embeddable":true,"href":"https:\/\/dajmiczas.pl\/index.php\/wp-json\/wp\/v2\/comments?post=15"}],"version-history":[{"count":22,"href":"https:\/\/dajmiczas.pl\/index.php\/wp-json\/wp\/v2\/pages\/15\/revisions"}],"predecessor-version":[{"id":1174,"href":"https:\/\/dajmiczas.pl\/index.php\/wp-json\/wp\/v2\/pages\/15\/revisions\/1174"}],"wp:attachment":[{"href":"https:\/\/dajmiczas.pl\/index.php\/wp-json\/wp\/v2\/media?parent=15"}],"curies":[{"name":"wp","href":"https:\/\/api.w.org\/{rel}","templated":true}]}}