{"id":296,"date":"2025-08-13T08:51:28","date_gmt":"2025-08-13T08:51:28","guid":{"rendered":"https:\/\/dajmiczas.pl\/?page_id=296"},"modified":"2025-10-13T06:21:47","modified_gmt":"2025-10-13T06:21:47","slug":"sie-gotuje","status":"publish","type":"page","link":"https:\/\/dajmiczas.pl\/index.php\/sie-gotuje\/","title":{"rendered":"&#8230;Si\u0119 gotuje&#8230;"},"content":{"rendered":"<p>[et_pb_section fb_built=&#8221;1&#8243; next_background_color=&#8221;#ffffff&#8221; admin_label=&#8221;Header&#8221; _builder_version=&#8221;4.25.0&#8243; _module_preset=&#8221;default&#8221; background_color=&#8221;gcid-primary-color&#8221; use_background_color_gradient=&#8221;on&#8221; background_color_gradient_direction=&#8221;90deg&#8221; background_color_gradient_stops=&#8221;rgba(0,0,0,0) 50%|rgba(139,237,222,0.46) 82%&#8221; background_color_gradient_overlays_image=&#8221;on&#8221; background_color_gradient_start=&#8221;rgba(0,0,0,0)&#8221; background_color_gradient_start_position=&#8221;50%&#8221; background_color_gradient_end=&#8221;#92a5ab&#8221; background_color_gradient_end_position=&#8221;50%&#8221; background_image=&#8221;https:\/\/dajmiczas.pl\/wp-content\/uploads\/2025\/08\/rodzina-pod-duzym-katem-gotuje-pyszna-pizze.jpg&#8221; custom_padding=&#8221;||191px||false|false&#8221; bottom_divider_style=&#8221;slant&#8221; bottom_divider_height=&#8221;4vw&#8221; locked=&#8221;off&#8221; global_colors_info=&#8221;{%22gcid-primary-color%22:%91%22background_color%22%93}&#8221;][et_pb_row _builder_version=&#8221;4.16&#8243; _module_preset=&#8221;default&#8221; custom_padding=&#8221;||0px|||&#8221; global_colors_info=&#8221;{}&#8221;][et_pb_column type=&#8221;4_4&#8243; _builder_version=&#8221;4.16&#8243; _module_preset=&#8221;default&#8221; global_colors_info=&#8221;{}&#8221;][et_pb_post_title meta=&#8221;off&#8221; featured_image=&#8221;off&#8221; _builder_version=&#8221;4.25.0&#8243; _module_preset=&#8221;default&#8221; title_font=&#8221;|700||on|||||&#8221; title_text_align=&#8221;center&#8221; title_text_color=&#8221;#FFFFFF&#8221; title_font_size=&#8221;66px&#8221; custom_margin=&#8221;||71px|||&#8221; title_font_size_tablet=&#8221;66px&#8221; title_font_size_phone=&#8221;35px&#8221; title_font_size_last_edited=&#8221;on|desktop&#8221; global_colors_info=&#8221;{}&#8221;][\/et_pb_post_title][\/et_pb_column][\/et_pb_row][\/et_pb_section][et_pb_section fb_built=&#8221;1&#8243; _builder_version=&#8221;4.25.0&#8243; _module_preset=&#8221;default&#8221; global_colors_info=&#8221;{}&#8221;][et_pb_row _builder_version=&#8221;4.25.0&#8243; _module_preset=&#8221;default&#8221; global_colors_info=&#8221;{}&#8221;][et_pb_column type=&#8221;4_4&#8243; _builder_version=&#8221;4.25.0&#8243; _module_preset=&#8221;default&#8221; global_colors_info=&#8221;{}&#8221;][et_pb_text _builder_version=&#8221;4.25.0&#8243; _module_preset=&#8221;default&#8221; global_colors_info=&#8221;{}&#8221;]<\/p>\n<p style=\"text-align: center;\">\n<p style=\"text-align: center;\">&#8222;&#8230;Si\u0119 gotuje&#8230;&#8221; to\u00a0cykl kulinarnych spotka\u0144 z\u00a0istotnymi dla kultury oraz\u00a0polityki osobisto\u015bciami, kt\u00f3re dla uczestnik\u00f3w s\u0105\u00a0nie\u00a0tylko\u00a0przestrzeni\u0105 na\u00a0stworzenie rozmaitych da\u0144 czy\u00a0poszerzanie i\u00a0utrwalanie umiej\u0119tno\u015bci i\u00a0zasad przygotowywania posi\u0142k\u00f3w lecz\u00a0przede wszystkim sposobno\u015bci\u0105 poznania i\u00a0rozmowy z\u00a0mistrzami w\u00a0swoim fachu. <em>\u2026Si\u0119 gotuje\u2026<\/em> odbywa si\u0119 nieprzerwanie od\u00a0roku 2022. Od\u00a0tego momentu mieli\u015bmy przyjemno\u015b\u0107 go\u015bci\u0107 nast\u0119puj\u0105ce osoby:<\/p>\n<p style=\"text-align: center;\">\n<p style=\"text-align: center;\">\n<ul>\n<li style=\"list-style-type: none;\">\n<ul>\n<li style=\"list-style-type: none;\">\n<ul>\n<li style=\"list-style-type: none;\">\n<ul>\n<li style=\"list-style-type: none;\">\n<ul>\n<li style=\"list-style-type: none;\">\n<ul>\n<li style=\"list-style-type: none;\">\n<ul>\n<li style=\"list-style-type: none;\">\n<ul>\n<li style=\"list-style-type: none;\">\n<ul>\n<li style=\"text-align: left;\">Magdalena Woch;<\/li>\n<li style=\"text-align: left;\">Pawe\u0142 Porzycki;<\/li>\n<li style=\"text-align: left;\">Bartosz Kope\u0107;<\/li>\n<li style=\"text-align: left;\">Hanna Zbyryt;<\/li>\n<li style=\"text-align: left;\">Adam Markowski;<\/li>\n<li style=\"text-align: left;\">Micha\u0142 Kula;<\/li>\n<li style=\"text-align: left;\">Magdalena Musik;<\/li>\n<li style=\"text-align: left;\">Iwona Cho\u0142uj;<\/li>\n<li style=\"text-align: left;\">Adrian Staroniek;<\/li>\n<li style=\"text-align: left;\">Maciej Ma\u015blikowski;<\/li>\n<li style=\"text-align: left;\">Damian i\u00a0Katarzyna Drewniakowie;<\/li>\n<li style=\"text-align: left;\">Monika i\u00a0Andrzej Stelmachowie;<\/li>\n<li style=\"text-align: left;\">Piotr i\u00a0Aleksandra Gruszkowie;<\/li>\n<li style=\"text-align: left;\">Ryszard Stefaniak;<\/li>\n<li style=\"text-align: left;\">Ma\u0142gorzata I\u017cy\u0144ska;<\/li>\n<li style=\"text-align: left;\">Izabela Leszczyna;<\/li>\n<li style=\"text-align: left;\">Tomasz Krywult;<\/li>\n<li style=\"text-align: left;\">Magda Trzepizur;<\/li>\n<li style=\"text-align: left;\">Zumba Sisters;<\/li>\n<li style=\"text-align: left;\">Witkowski;<\/li>\n<li style=\"text-align: left;\">Szymon Kowalik;<\/li>\n<li style=\"text-align: left;\">Jolanta Mi\u0119kina;<\/li>\n<li style=\"text-align: left;\">Agnieszka Grabi\u0144ska;<\/li>\n<li>Beata Kara\u015b-Markowska wraz z c\u00f3rk\u0105 Hani\u0105<\/li>\n<li>Anna Klim;<\/li>\n<li>Oraz Rodzic\u00f3w naszych uczestnik\u00f3w.<\/li>\n<\/ul>\n<\/li>\n<\/ul>\n<\/li>\n<\/ul>\n<\/li>\n<\/ul>\n<\/li>\n<\/ul>\n<\/li>\n<\/ul>\n<\/li>\n<\/ul>\n<\/li>\n<\/ul>\n<\/li>\n<\/ul>\n<p>[\/et_pb_text][\/et_pb_column][\/et_pb_row][et_pb_row _builder_version=&#8221;4.25.0&#8243; _module_preset=&#8221;default&#8221; global_colors_info=&#8221;{}&#8221;][et_pb_column type=&#8221;4_4&#8243; _builder_version=&#8221;4.25.0&#8243; _module_preset=&#8221;default&#8221; global_colors_info=&#8221;{}&#8221;][et_pb_gallery gallery_ids=&#8221;413,412,411,410,402,401,400,399,398,397,396,395,394,393,392,362,365,364,363,361,360,359,358,357,356,355,338,337,309,303&#8243; posts_number=&#8221;16&#8243; show_title_and_caption=&#8221;off&#8221; _builder_version=&#8221;4.25.0&#8243; _module_preset=&#8221;default&#8221; border_radii=&#8221;on|8px|8px|8px|8px&#8221; border_radii_image=&#8221;on|8px|8px|8px|8px&#8221; box_shadow_style_image=&#8221;preset3&#8243; global_colors_info=&#8221;{}&#8221;][\/et_pb_gallery][et_pb_blog posts_number=&#8221;12&#8243; include_categories=&#8221;16&#8243; _builder_version=&#8221;4.25.0&#8243; _module_preset=&#8221;default&#8221; global_colors_info=&#8221;{}&#8221;][\/et_pb_blog][\/et_pb_column][\/et_pb_row][\/et_pb_section]<\/p>\n","protected":false},"excerpt":{"rendered":"<p>&#8222;&#8230;Si\u0119 gotuje&#8230;&#8221; to\u00a0cykl kulinarnych spotka\u0144 z\u00a0istotnymi dla kultury oraz\u00a0polityki osobisto\u015bciami, kt\u00f3re dla uczestnik\u00f3w s\u0105\u00a0nie\u00a0tylko\u00a0przestrzeni\u0105 na\u00a0stworzenie rozmaitych da\u0144 czy\u00a0poszerzanie i\u00a0utrwalanie umiej\u0119tno\u015bci i\u00a0zasad przygotowywania posi\u0142k\u00f3w lecz\u00a0przede wszystkim sposobno\u015bci\u0105 poznania i\u00a0rozmowy z\u00a0mistrzami w\u00a0swoim fachu. \u2026Si\u0119 gotuje\u2026 odbywa si\u0119 nieprzerwanie od\u00a0roku 2022. Od\u00a0tego momentu mieli\u015bmy przyjemno\u015b\u0107 go\u015bci\u0107 nast\u0119puj\u0105ce osoby: Magdalena Woch; Pawe\u0142 Porzycki; Bartosz Kope\u0107; Hanna Zbyryt; Adam Markowski; [&hellip;]<\/p>\n","protected":false},"author":1,"featured_media":0,"parent":0,"menu_order":0,"comment_status":"closed","ping_status":"closed","template":"","meta":{"_et_pb_use_builder":"on","_et_pb_old_content":"<!-- wp:divi\/placeholder \/-->","_et_gb_content_width":"","footnotes":""},"class_list":["post-296","page","type-page","status-publish","hentry"],"_links":{"self":[{"href":"https:\/\/dajmiczas.pl\/index.php\/wp-json\/wp\/v2\/pages\/296","targetHints":{"allow":["GET"]}}],"collection":[{"href":"https:\/\/dajmiczas.pl\/index.php\/wp-json\/wp\/v2\/pages"}],"about":[{"href":"https:\/\/dajmiczas.pl\/index.php\/wp-json\/wp\/v2\/types\/page"}],"author":[{"embeddable":true,"href":"https:\/\/dajmiczas.pl\/index.php\/wp-json\/wp\/v2\/users\/1"}],"replies":[{"embeddable":true,"href":"https:\/\/dajmiczas.pl\/index.php\/wp-json\/wp\/v2\/comments?post=296"}],"version-history":[{"count":11,"href":"https:\/\/dajmiczas.pl\/index.php\/wp-json\/wp\/v2\/pages\/296\/revisions"}],"predecessor-version":[{"id":893,"href":"https:\/\/dajmiczas.pl\/index.php\/wp-json\/wp\/v2\/pages\/296\/revisions\/893"}],"wp:attachment":[{"href":"https:\/\/dajmiczas.pl\/index.php\/wp-json\/wp\/v2\/media?parent=296"}],"curies":[{"name":"wp","href":"https:\/\/api.w.org\/{rel}","templated":true}]}}