{"id":567,"date":"2025-08-20T06:11:10","date_gmt":"2025-08-20T06:11:10","guid":{"rendered":"https:\/\/dajmiczas.pl\/?page_id=567"},"modified":"2025-09-26T08:20:10","modified_gmt":"2025-09-26T08:20:10","slug":"zapal-sie-na-niebiesko","status":"publish","type":"page","link":"https:\/\/dajmiczas.pl\/index.php\/zapal-sie-na-niebiesko\/","title":{"rendered":"Zapal si\u0119\u00a0na Niebiesko"},"content":{"rendered":"<p>[et_pb_section fb_built=&#8221;1&#8243; next_background_color=&#8221;#ffffff&#8221; admin_label=&#8221;Header&#8221; _builder_version=&#8221;4.25.0&#8243; _module_preset=&#8221;default&#8221; background_color=&#8221;#12876F&#8221; use_background_color_gradient=&#8221;on&#8221; background_color_gradient_direction=&#8221;90deg&#8221; background_color_gradient_stops=&#8221;#668284 0%|rgba(139,237,222,0.46) 59%&#8221; background_color_gradient_overlays_image=&#8221;on&#8221; background_color_gradient_start=&#8221;rgba(0,0,0,0)&#8221; background_color_gradient_start_position=&#8221;50%&#8221; background_color_gradient_end=&#8221;#92a5ab&#8221; background_color_gradient_end_position=&#8221;50%&#8221; background_image=&#8221;https:\/\/dajmiczas.pl\/wp-content\/uploads\/2025\/08\/494216847_1132096375612140_98085584798039979_n.jpg&#8221; min_height=&#8221;251px&#8221; custom_padding=&#8221;||64px||false|false&#8221; bottom_divider_style=&#8221;arrow3&#8243; bottom_divider_height=&#8221;4vw&#8221; locked=&#8221;off&#8221; global_colors_info=&#8221;{%22gcid-primary-color%22:%91%22background_color_gradient_stops%22%93}&#8221;][et_pb_row _builder_version=&#8221;4.16&#8243; _module_preset=&#8221;default&#8221; custom_padding=&#8221;||0px|||&#8221; global_colors_info=&#8221;{}&#8221;][et_pb_column type=&#8221;4_4&#8243; _builder_version=&#8221;4.16&#8243; _module_preset=&#8221;default&#8221; global_colors_info=&#8221;{}&#8221;][et_pb_post_title meta=&#8221;off&#8221; featured_image=&#8221;off&#8221; _builder_version=&#8221;4.25.0&#8243; _module_preset=&#8221;default&#8221; title_font=&#8221;|700||on|||||&#8221; title_text_align=&#8221;center&#8221; title_text_color=&#8221;#FFFFFF&#8221; title_font_size=&#8221;66px&#8221; custom_margin=&#8221;||71px|||&#8221; animation_style=&#8221;slide&#8221; title_font_size_tablet=&#8221;66px&#8221; title_font_size_phone=&#8221;38px&#8221; title_font_size_last_edited=&#8221;on|desktop&#8221; text_shadow_style=&#8221;preset5&#8243; global_colors_info=&#8221;{}&#8221; title_font_size__hover_enabled=&#8221;off|desktop&#8221;][\/et_pb_post_title][\/et_pb_column][\/et_pb_row][\/et_pb_section][et_pb_section fb_built=&#8221;1&#8243; _builder_version=&#8221;4.25.0&#8243; _module_preset=&#8221;default&#8221; min_height=&#8221;591px&#8221; global_colors_info=&#8221;{}&#8221; custom_padding=&#8221;4px|||||&#8221;][et_pb_row _builder_version=&#8221;4.25.0&#8243; _module_preset=&#8221;default&#8221; global_colors_info=&#8221;{}&#8221;][et_pb_column type=&#8221;4_4&#8243; _builder_version=&#8221;4.25.0&#8243; _module_preset=&#8221;default&#8221; global_colors_info=&#8221;{}&#8221;][et_pb_gallery gallery_ids=&#8221;851&#8243; fullwidth=&#8221;on&#8221; _builder_version=&#8221;4.25.0&#8243; _module_preset=&#8221;default&#8221; width=&#8221;30%&#8221; width_tablet=&#8221;50%&#8221; width_phone=&#8221;100%&#8221; width_last_edited=&#8221;on|phone&#8221; max_width=&#8221;31%&#8221; max_width_tablet=&#8221;50%&#8221; max_width_phone=&#8221;100%&#8221; max_width_last_edited=&#8221;on|phone&#8221; module_alignment=&#8221;center&#8221; hover_enabled=&#8221;0&#8243; global_colors_info=&#8221;{}&#8221; sticky_enabled=&#8221;0&#8243;][\/et_pb_gallery][\/et_pb_column][\/et_pb_row][\/et_pb_section][et_pb_section fb_built=&#8221;1&#8243; _builder_version=&#8221;4.25.0&#8243; _module_preset=&#8221;default&#8221; min_height=&#8221;1654.9px&#8221; global_colors_info=&#8221;{}&#8221;][et_pb_row _builder_version=&#8221;4.25.0&#8243; _module_preset=&#8221;default&#8221; global_colors_info=&#8221;{}&#8221;][et_pb_column type=&#8221;4_4&#8243; _builder_version=&#8221;4.25.0&#8243; _module_preset=&#8221;default&#8221; global_colors_info=&#8221;{}&#8221;][et_pb_text _builder_version=&#8221;4.25.0&#8243; _module_preset=&#8221;default&#8221; global_colors_info=&#8221;{}&#8221;]<\/p>\n<p style=\"text-align: justify;\">Cz\u0119stochowa, z\u00a0inicjatywy stowarzyszenia \u201eDaj mi\u00a0czas\u201d, od\u00a0wielu lat anga\u017cuje si\u0119 w\u00a0organizacj\u0119 og\u00f3lnomiejskiej akcji \u201eZapal si\u0119 na\u00a0niebiesko dla autyzmu\u201d\u00a0 w\u00a0zwi\u0105zku z\u00a0\u015awiatowym Dniem \u015awiadomo\u015bci Autyzmu, kt\u00f3ry\u00a0przypada 2 kwietnia.<\/p>\n<p>Akcja ta\u00a0od\u00a0wielu lat bardzo mocno pokazuje kim s\u0105\u00a0osoby w\u00a0spektrum autyzmu. Ma\u00a0na\u00a0celu przede wszystkim u\u015bwiadamia\u0107 i\u00a0uwra\u017cliwia\u0107 spo\u0142ecze\u0144stwo na\u00a0problemy os\u00f3b dotkni\u0119tych autyzmem i\u00a0organizuj\u0105c tzw. Niebieski Tydzie\u0144 wype\u0142niony szeregiem imprez o\u00a0autyzmie m.in: \u015awiate\u0142ko na\u00a0Placu Biega\u0144skiego , prelekcje, Przystanek Autyzm dla przedszkolak\u00f3w itp. Ze\u00a0wzgl\u0119du na\u00a0charakter wydarzenia drukowane by\u0142y tak\u017ce ulotki informacyjne, kt\u00f3re trafia\u0142y do\u00a0szk\u00f3\u0142, przychodni lekarskich czy\u00a0o\u015brodk\u00f3w pomocy spo\u0142ecznej.<\/p>\n<p>Pod\u015bwietlany jest Cz\u0119stochowski Ratusz i\u00a0 inne znacz\u0105ce budynki, a\u00a0od\u00a05 lat tak\u017ce Klasztor Jasnog\u00f3rski. Gra\u0142y dla nas wszystkich kluby sportowe w\u00a0Cz\u0119stochowie, a\u00a0pi\u0142karze Rakowa na\u00a0prezentacje wychodz\u0105 w\u00a0koszulkach w\u00a0niebieskich barwach z\u00a0nazw\u0105 akcji. W\u00a02020\u00a0r. z\u00a0inicjatywy stowarzyszenia w\u00a0ca\u0142ej sieci Auchan w\u00a0Polsce stworzone zosta\u0142y Godziny Ciszy czyli 2 godziny w\u00a0tygodniu dedykowane osobom z\u00a0autyzmem w\u00a0czasie kt\u00f3rych\u00a0wyciszona jest muzyka, \u015bwiat\u0142a przyciemnione, otwarte dodatkowe kasy itp. Zwie\u0144czeniem wydarze\u0144 by\u0142y koncerty m.in.\u00a0Cleo, Mrozu, Mesajah, Kobranocki, Olka Klepacza oraz\u00a0Krzysztofa Nied\u017awiedzkiego.<\/p>\n<p>W\u00a02024r. odby\u0142a si\u0119 uroczysta gal\u0119 na\u00a0kt\u00f3rej\u00a0wr\u0119czono kolejne Medale Im.\u00a0Prof.\u00a0T. Ga\u0142kowskiego oraz\u00a0emblematy \u201eMiejsca przyjazne osobom z\u00a0autyzmem\u201d. Wydarzenie u\u015bwietni\u0142 recital Andrzeja Grabowskiego we\u00a0wsp\u00f3\u0142pracy z\u00a0Krzysztofem Nied\u017awieckim.<\/p>\n<p>Ambasadorami naszej akcji s\u0105\u00a0Aleksandra i\u00a0Piotr Gruszka.<\/p>\n<p>&nbsp;<\/p>\n<p>Zapraszamy do&nbsp;obejrzenia galerii.\u00a0<\/p>\n<p>[\/et_pb_text][et_pb_gallery gallery_ids=&#8221;609,606,604,603,602,418,417,416,415&#8243; gallery_orderby=&#8221;rand&#8221; posts_number=&#8221;16&#8243; show_title_and_caption=&#8221;off&#8221; _builder_version=&#8221;4.25.0&#8243; _module_preset=&#8221;default&#8221; border_radii=&#8221;on|8px|8px|8px|8px&#8221; border_radii_image=&#8221;on|8px|8px|8px|8px&#8221; box_shadow_style_image=&#8221;preset3&#8243; global_colors_info=&#8221;{}&#8221;][\/et_pb_gallery][\/et_pb_column][\/et_pb_row][et_pb_row _builder_version=&#8221;4.25.0&#8243; _module_preset=&#8221;default&#8221; global_colors_info=&#8221;{}&#8221;][et_pb_column type=&#8221;4_4&#8243; _builder_version=&#8221;4.25.0&#8243; _module_preset=&#8221;default&#8221; global_colors_info=&#8221;{}&#8221;][et_pb_text _builder_version=&#8221;4.25.0&#8243; _module_preset=&#8221;default&#8221; global_colors_info=&#8221;{}&#8221;]<\/p>\n<p style=\"text-align: justify;\"><strong>\u0179r\u00f3d\u0142a zdj\u0119\u0107:<\/strong><\/p>\n<table border=\"1\" style=\"border-collapse: collapse; width: 100%;\">\n<tbody>\n<tr>\n<td style=\"width: 33.333333%;\">Marek T\u0119cza<\/td>\n<td style=\"width: 33.333333%;\">M. Witkowski<\/td>\n<\/tr>\n<\/tbody>\n<\/table>\n<p style=\"padding-left: 40px; text-align: justify;\">[\/et_pb_text][\/et_pb_column][\/et_pb_row][\/et_pb_section]<\/p>\n","protected":false},"excerpt":{"rendered":"<p>Cz\u0119stochowa, z\u00a0inicjatywy stowarzyszenia \u201eDaj mi\u00a0czas\u201d, od\u00a0wielu lat anga\u017cuje si\u0119 w\u00a0organizacj\u0119 og\u00f3lnomiejskiej akcji \u201eZapal si\u0119 na\u00a0niebiesko dla autyzmu\u201d\u00a0 w\u00a0zwi\u0105zku z\u00a0\u015awiatowym Dniem \u015awiadomo\u015bci Autyzmu, kt\u00f3ry\u00a0przypada 2 kwietnia. Akcja ta\u00a0od\u00a0wielu lat bardzo mocno pokazuje kim s\u0105\u00a0osoby w\u00a0spektrum autyzmu. Ma\u00a0na\u00a0celu przede wszystkim u\u015bwiadamia\u0107 i\u00a0uwra\u017cliwia\u0107 spo\u0142ecze\u0144stwo na\u00a0problemy os\u00f3b dotkni\u0119tych autyzmem i\u00a0organizuj\u0105c tzw. Niebieski Tydzie\u0144 wype\u0142niony szeregiem imprez o\u00a0autyzmie m.in: \u015awiate\u0142ko [&hellip;]<\/p>\n","protected":false},"author":1,"featured_media":0,"parent":0,"menu_order":0,"comment_status":"closed","ping_status":"closed","template":"","meta":{"_et_pb_use_builder":"on","_et_pb_old_content":"","_et_gb_content_width":"","footnotes":""},"class_list":["post-567","page","type-page","status-publish","hentry"],"_links":{"self":[{"href":"https:\/\/dajmiczas.pl\/index.php\/wp-json\/wp\/v2\/pages\/567","targetHints":{"allow":["GET"]}}],"collection":[{"href":"https:\/\/dajmiczas.pl\/index.php\/wp-json\/wp\/v2\/pages"}],"about":[{"href":"https:\/\/dajmiczas.pl\/index.php\/wp-json\/wp\/v2\/types\/page"}],"author":[{"embeddable":true,"href":"https:\/\/dajmiczas.pl\/index.php\/wp-json\/wp\/v2\/users\/1"}],"replies":[{"embeddable":true,"href":"https:\/\/dajmiczas.pl\/index.php\/wp-json\/wp\/v2\/comments?post=567"}],"version-history":[{"count":27,"href":"https:\/\/dajmiczas.pl\/index.php\/wp-json\/wp\/v2\/pages\/567\/revisions"}],"predecessor-version":[{"id":860,"href":"https:\/\/dajmiczas.pl\/index.php\/wp-json\/wp\/v2\/pages\/567\/revisions\/860"}],"wp:attachment":[{"href":"https:\/\/dajmiczas.pl\/index.php\/wp-json\/wp\/v2\/media?parent=567"}],"curies":[{"name":"wp","href":"https:\/\/api.w.org\/{rel}","templated":true}]}}