{"id":662,"date":"2025-08-25T13:12:45","date_gmt":"2025-08-25T13:12:45","guid":{"rendered":"https:\/\/dajmiczas.pl\/?page_id=662"},"modified":"2025-09-15T10:40:50","modified_gmt":"2025-09-15T10:40:50","slug":"wesprzyj-nas","status":"publish","type":"page","link":"https:\/\/dajmiczas.pl\/index.php\/wesprzyj-nas\/","title":{"rendered":"Wesprzyj Nas"},"content":{"rendered":"<p>[et_pb_section fb_built=&#8221;1&#8243; _builder_version=&#8221;4.25.0&#8243; _module_preset=&#8221;default&#8221; background_color=&#8221;gcid-primary-color&#8221; global_colors_info=&#8221;{%22gcid-primary-color%22:%91%22background_color%22%93}&#8221;][et_pb_row _builder_version=&#8221;4.25.0&#8243; _module_preset=&#8221;default&#8221; global_colors_info=&#8221;{}&#8221;][et_pb_column type=&#8221;4_4&#8243; _builder_version=&#8221;4.25.0&#8243; _module_preset=&#8221;default&#8221; global_colors_info=&#8221;{}&#8221;][et_pb_text _builder_version=&#8221;4.25.0&#8243; _module_preset=&#8221;default&#8221; header_font=&#8221;|||on|||||&#8221; header_text_color=&#8221;#FFFFFF&#8221; header_font_size=&#8221;52px&#8221; hover_enabled=&#8221;0&#8243; global_colors_info=&#8221;{}&#8221; sticky_enabled=&#8221;0&#8243; header_font_size_last_edited=&#8221;on|phone&#8221; header_font_size_phone=&#8221;37px&#8221; header_font_size_tablet=&#8221;52px&#8221;]<\/p>\n<h1 style=\"text-align: center;\"><span style=\"font-family: inherit; font-weight: normal;\">Przeka\u017c darowizn\u0119,<\/span><\/h1>\n<h1 style=\"text-align: center;\"><span style=\"font-family: inherit; font-weight: normal;\">przeka\u017c 1,5%&#8230;<\/span><strong><\/strong><\/h1>\n<p><strong><\/strong><\/p>\n<p>[\/et_pb_text][et_pb_divider color=&#8221;#FFFFFF&#8221; divider_weight=&#8221;5px&#8221; _builder_version=&#8221;4.25.0&#8243; _module_preset=&#8221;default&#8221; width=&#8221;57%&#8221; max_width=&#8221;57%&#8221; module_alignment=&#8221;center&#8221; global_colors_info=&#8221;{}&#8221;][\/et_pb_divider][et_pb_text _builder_version=&#8221;4.25.0&#8243; _module_preset=&#8221;default&#8221; text_text_color=&#8221;#FFFFFF&#8221; text_font_size=&#8221;17px&#8221; header_text_align=&#8221;center&#8221; header_font_size=&#8221;27px&#8221; text_orientation=&#8221;center&#8221; max_width=&#8221;62%&#8221; module_alignment=&#8221;center&#8221; custom_padding=&#8221;12px|||||&#8221; global_colors_info=&#8221;{}&#8221;]<\/p>\n<p style=\"text-align: center;\">Nawet niewielka pomoc ma&nbsp;ogromne znaczenie &#8211; wsparcie, kt\u00f3re ofiarujesz, to&nbsp;szansa na&nbsp;normalne funkcjonowanie dla os\u00f3b w&nbsp;spektrum autyzmu i&nbsp;z&nbsp;niepe\u0142nosprawno\u015bciami. Wystarczy, \u017ce&nbsp;przeka\u017cesz 1,5% swojego podatku lub wp\u0142acisz dowoln\u0105 kwot\u0119 jako darowizn\u0119.<\/p>\n<p style=\"text-align: center;\">Do\u0142\u0105cz do\u00a0grona darczy\u0144c\u00f3w i\u00a0sta\u0144 si\u0119 cz\u0119\u015bci\u0105 naszej misji, kt\u00f3ra\u00a0zmienia \u017cycie na\u00a0lepsze.<\/p>\n<p>[\/et_pb_text][et_pb_text _builder_version=&#8221;4.25.0&#8243; _module_preset=&#8221;default&#8221; text_text_color=&#8221;#FFFFFF&#8221; header_font=&#8221;|||on|||||&#8221; header_text_color=&#8221;#FFFFFF&#8221; header_font_size=&#8221;52px&#8221; header_3_text_color=&#8221;#FFFFFF&#8221; global_colors_info=&#8221;{}&#8221;]<\/p>\n<h3 style=\"text-align: center;\"><strong>Numer konta:<\/strong><\/h3>\n<p><strong><\/strong><\/p>\n<p>[\/et_pb_text][et_pb_text _builder_version=&#8221;4.25.0&#8243; _module_preset=&#8221;default&#8221; text_text_color=&#8221;#FFFFFF&#8221; header_font=&#8221;|||on|||||&#8221; header_text_color=&#8221;#FFFFFF&#8221; header_font_size=&#8221;52px&#8221; header_3_text_color=&#8221;#FFFFFF&#8221; global_colors_info=&#8221;{}&#8221;]<\/p>\n<h3 style=\"text-align: center;\">04 1600 1097 0002 3402 0153 2001<\/h3>\n<p style=\"text-align: center;\">BNP Paribas Bank<\/p>\n<p>[\/et_pb_text][et_pb_text _builder_version=&#8221;4.25.0&#8243; _module_preset=&#8221;default&#8221; text_text_color=&#8221;#FFFFFF&#8221; header_font=&#8221;|||on|||||&#8221; header_text_color=&#8221;#FFFFFF&#8221; header_font_size=&#8221;52px&#8221; header_3_text_color=&#8221;#FFFFFF&#8221; global_colors_info=&#8221;{}&#8221;]<\/p>\n<h3 style=\"text-align: center;\"><strong>KRS:<\/strong><\/h3>\n<p>[\/et_pb_text][et_pb_text _builder_version=&#8221;4.25.0&#8243; _module_preset=&#8221;default&#8221; text_text_color=&#8221;#FFFFFF&#8221; header_font=&#8221;|||on|||||&#8221; header_text_color=&#8221;#FFFFFF&#8221; header_font_size=&#8221;52px&#8221; header_3_text_color=&#8221;#FFFFFF&#8221; global_colors_info=&#8221;{}&#8221;]<\/p>\n<h3 style=\"text-align: center;\">0000277260<\/h3>\n<p>[\/et_pb_text][\/et_pb_column][\/et_pb_row][\/et_pb_section]<\/p>\n","protected":false},"excerpt":{"rendered":"<p>Przeka\u017c darowizn\u0119, przeka\u017c 1,5%&#8230; Nawet niewielka pomoc ma&nbsp;ogromne znaczenie &#8211; wsparcie, kt\u00f3re ofiarujesz, to&nbsp;szansa na&nbsp;normalne funkcjonowanie dla os\u00f3b w&nbsp;spektrum autyzmu i&nbsp;z&nbsp;niepe\u0142nosprawno\u015bciami. Wystarczy, \u017ce&nbsp;przeka\u017cesz 1,5% swojego podatku lub wp\u0142acisz dowoln\u0105 kwot\u0119 jako darowizn\u0119. Do\u0142\u0105cz do\u00a0grona darczy\u0144c\u00f3w i\u00a0sta\u0144 si\u0119 cz\u0119\u015bci\u0105 naszej misji, kt\u00f3ra\u00a0zmienia \u017cycie na\u00a0lepsze.Numer konta: 04 1600 1097 0002 3402 0153 2001 BNP Paribas BankKRS:0000277260<\/p>\n","protected":false},"author":1,"featured_media":0,"parent":0,"menu_order":0,"comment_status":"closed","ping_status":"closed","template":"","meta":{"_et_pb_use_builder":"on","_et_pb_old_content":"","_et_gb_content_width":"","footnotes":""},"class_list":["post-662","page","type-page","status-publish","hentry"],"_links":{"self":[{"href":"https:\/\/dajmiczas.pl\/index.php\/wp-json\/wp\/v2\/pages\/662","targetHints":{"allow":["GET"]}}],"collection":[{"href":"https:\/\/dajmiczas.pl\/index.php\/wp-json\/wp\/v2\/pages"}],"about":[{"href":"https:\/\/dajmiczas.pl\/index.php\/wp-json\/wp\/v2\/types\/page"}],"author":[{"embeddable":true,"href":"https:\/\/dajmiczas.pl\/index.php\/wp-json\/wp\/v2\/users\/1"}],"replies":[{"embeddable":true,"href":"https:\/\/dajmiczas.pl\/index.php\/wp-json\/wp\/v2\/comments?post=662"}],"version-history":[{"count":6,"href":"https:\/\/dajmiczas.pl\/index.php\/wp-json\/wp\/v2\/pages\/662\/revisions"}],"predecessor-version":[{"id":773,"href":"https:\/\/dajmiczas.pl\/index.php\/wp-json\/wp\/v2\/pages\/662\/revisions\/773"}],"wp:attachment":[{"href":"https:\/\/dajmiczas.pl\/index.php\/wp-json\/wp\/v2\/media?parent=662"}],"curies":[{"name":"wp","href":"https:\/\/api.w.org\/{rel}","templated":true}]}}